32
-7017710 (base 8) to base 10
-1843144
Convert -4777041 (base 8) to base 7.
-14064642
205034032 (base 6) to base 8
15561744
-201200210 (base 4) to base 7
-1111103
What is 610b83 (base 13) in base 5?
1034231120
What is -1062461 (base 8) in base 16?
-46531
What is -2626754 (base 8) in base 12?
-2b3ba4
Convert 3106455 (base 7) to base 4.
1122311100
-18154c (base 15) to base 16
-11d633
Convert -2153208 (base 9) to base 8.
-4323745
Convert -111121000 (base 3) to base 10.
-9909
Convert -250492 (base 11) to base 8.
-1405164
What is -2822064 (base 12) in base 6?
-443344204
-212748 (base 10) to base 16
-33f0c
44973 (base 11) to base 3
10022020112
-162251 (base 7) to base 14
-b961
8796909 (base 10) to base 12
2b42979
What is 81266 (base 9) in base 16?
d0bf
-1a7691 (base 11) to base 14
-83a60
What is -12515 (base 11) in base 2?
-100011000000100
23023102 (base 4) to base 10
45778
-104c98a (base 15) to base 6
-1053221204
447a (base 14) to base 5
334433
3021413 (base 5) to base 13
1901b
What is -334790 (base 10) in base 8?
-1215706
-12120134 (base 5) to base 2
-11011110010000010
266b583 (base 12) to base 7
121451160
1115a0 (base 12) to base 8
1023410
2001011102122 (base 3) to base 4
10021011203
4510100 (base 7) to base 9
1038148
-231102040 (base 5) to base 9
-1846235
15ce3 (base 16) to base 2
10101110011100011
-1133aa (base 15) to base 9
-1481127
401426 (base 7) to base 16
108cb
3db9e (base 16) to base 3
110211211002
Convert -46dc53 (base 16) to base 5.
-2142101143
What is -1053196 (base 10) in base 2?
-100000001001000001100
What is -1021220000020 (base 3) in base 12?
-2914b0
What is -10202020102 (base 3) in base 13?
-27791
Convert -61140 (base 7) to base 11.
-10159
Convert -3c8b34 (base 15) to base 3.
-12111002211111
67ac95 (base 14) to base 15
499a1e
What is 4a2766 (base 11) in base 15?
10a4b5
What is 20000121200 (base 3) in base 12?
58730
What is 688bb (base 13) in base 15?
3b668
What is -11513445 (base 6) in base 5?
-43230324
What is -10269a (base 13) in base 9?
-633817
17232455 (base 9) to base 8
40760155
-6ed42 (base 16) to base 8
-1566502
What is -4415444 (base 8) in base 14?
-22c60c
-55725144 (base 8) to base 14
-18547ac
8119c5 (base 13) to base 10
3002784
2200222212 (base 3) to base 16
cfdd
What is -6c8a4 (base 13) in base 16?
-30a30
-b4c1a3 (base 14) to base 8
-27217723
-1c8676 (base 13) to base 6
-23412104
Convert -685cb (base 15) to base 2.
-1010001000100100010
What is -11022103223 (base 4) in base 10?
-1352939
What is 2539 (base 12) in base 10?
4221
Convert -237227 (base 8) to base 9.
-133781
-244102305 (base 6) to base 14
-899477
What is 2c6eb1 (base 16) in base 7?
33515365
What is 169c8c (base 13) in base 2?
10001001110101100000
What is 155dc0b (base 14) in base 13?
221ac08
Convert 2123032 (base 5) to base 10.
36017
-2412310 (base 6) to base 9
-212166
Convert 234801 (base 9) to base 4.
202200202
What is 1b8ded (base 15) in base 4?
11020231132
What is -1726233 (base 9) in base 13?
-279114
21111001020221 (base 3) to base 11
2276988
21c39 (base 13) to base 3
10010012220
Convert 93c25 (base 16) to base 15.
be4d1
-61e03d (base 15) to base 3
-22202110100011
Convert -31310302112 (base 4) to base 13.
-99b73b
-371018 (base 11) to base 2
-10001111010011101110
-1b492 (base 16) to base 12
-54816
-10012012332 (base 4) to base 8
-4060676
Convert -764804 (base 9) to base 3.
-212011220011
Convert 12003101202 (base 4) to base 3.
2222120221220
Convert -5255272 (base 8) to base 3.
-2122002201200
What is 1001101010111011 (base 2) in base 12?
1ab0b
What is -a37b2 (base 13) in base 7?
-2331525
-124161 (base 10) to base 7
-1024662
-2461740 (base 9) to base 7
-14250024
Convert -158328 (base 9) to base 6.
-2033255
What is 6a51c (base 14) in base 3?
111011012110
What is -112220200202202 (base 3) in base 11?
-4524120
Convert 5b8603 (base 12) to base 15.
1e589c
-2735895 (base 11) to base 9
-8786480
-112223021321 (base 4) to base 3
-102011222112112
Convert -282735 (base 10) to base 3.
-112100211200
Convert 3046440 (base 7) to base 9.
615410
What is 66632 (base 11) in base 7?
551420
Convert -12351033 (base 6) to base 12.
-175479
What is 3052225 (base 6) in base 12?
71075
What is 54922 (base 15) in base 6?
5431522
What is 2233240440 (base 5) in base 11?
289a83a
Convert -1396a31 (base 12) to base 11.
-2245420
114469 (base 11) to base 7
1354242
Convert 22002012110220 (base 3) to base 13.
b74b6c
Convert 10888129 (base 10) to base 12.
3791001
Convert 22333211102 (base 4) to base 12.
b6b902
What is 4785235 (base 9) in base 5?
1131023214
-10010101000010001111 (base 2) to base 5
-124013242
What is -10241033042 (base 5) in base 6?
-1025045424
What is -5166285 (base 9) in base 14?
-51bcb7
What is 162303 (base 8) in base 16?
e4c3
What is -46797 (base 13) in base 2?
-11111011011011101
155cd9 (base 14) to base 4
2312022313
Convert 70902 (base 12) to base 10.
146450
65067 (base 11) to base 4
113011232
What is -143b476 (base 13) in base 11?
-3697441
Convert -6499229 (base 10) to base 3.
-110020012021012
Convert -32250121 (base 6) to base 3.
-1210112021211
42b69 (base 14) to base 3
22012101211
Convert 363477 (base 9) to base 11.
13a677
What is 54ba99 (base 14) in base 6?
141342251
What is 35411513 (base 7) in base 14?
5b64b3
15b702 (base 14) to base 11
480109
Convert -1315bc (base 14) to base 6.
-22025254
-33367 (base 14) to base 10
-124159
-11101012122111 (base 3) to base 16
-2380b7
What is 4563511 (base 9) in base 3?
11122010120101
What is 192b93 (base 16) in base 15?
228b55
What is 2276898 (base 10) in base 2?
1000101011111000100010
Convert 1799c6 (base 16) to base 12.
6270b2
Convert -3135255 (base 7) to base 2.
-1011100011110111010
52131 (base 8) to base 7
116645
Convert 1055719 (base 10) to base 14.
1d6a47
What is 4112465 (base 7) in base 12?
1b7ba5
-5f102 (base 16) to base 3
-201210010102
What is -101110001111110011 (base 2) in base 10?
-189427
What is -1011001001111100 (base 2) in base 10?
-45692
What is 50c86 (base 16) in base 4?
1100302012
4324131 (base 5) to base 14
1cbbc
Convert 109579 (base 10) to base 15.
22704
Convert -19496cc (base 13) to base 9.
-16555412
What is -110011000010010111 (base 2) in base 11?
-133073
What is -1a1b8e (base 15) in base 2?
-100110110011100111001
-2067168 (base 9) to base 10
-1107494
What is 217252 (base 8) in base 15?
16b26
Convert 111135613 (base 7) to base 13.
151925b
What is a0b265 (base 15) in base 12?
26803b8
Convert 112002221212 (base 3) to base 7.
2234450
Convert -4225675 (base 10) to base 8.
-20075213
Convert -3641642 (base 7) to base 12.
-1a4678
Convert -1110011001011110110100 (base 2) to base 8.
-16313664
What is -111022221 (base 3) in base 2?
-10010111110110
-152238 (base 11) to base 10
-237201
What is -1312112 (base 5) in base 9?
-38475
Convert 204079 (base 10) to base 4.
301310233
What is -10001011 (base 2) in base 7?
-256
-37b118 (base 12) to base 7
-10512311
-591996 (base 10) to base 15
-ba616
What is -ccd0 (base 15) in base 13?
-169a1
What is 101230 (base 9) in base 2?
1110101000111111
Convert -5116553 (base 10) to base 6.
-301355425
What is 101323301 (base 4) in base 6?
1324025
Convert 703b59 (base 12) to base 13.
492c15
Convert -2164667 (base 8) to base 11.
-369948
46832 (base 9) to base 5
2000140
322226 (base 9) to base 16
2eda9
Convert -1dd3c (base 16) to base 5.
-12402142
Convert -14133235 (base 8) to base 10.
-3192477
What is 101110000000111000001 (base 2) in base 7?
15546565
What is a6b29 (base 14) in base 12?
175141
What is b5a7 (base 13) in base 10?
25149
What is -10111101001011110111 (base 2) in base 11?
-48a218
-2341021214 (base 5) to base 13
-1174519
-36013044 (base 8) to base 5
-4003314423
Convert 1310841 (base 9) to base 12.
2a630a
-3942 (base 12) to base 7
-25016
Convert -4873623 (base 9) to base 16.
-2862f9
What is -e93b3 (base 15) in base 9?
-1347036
What is -1011110010011110011 (base 2) in base 15?
-796cb
-256527 (base 14) to base 9
-2367867
Convert -d464 (base 16) to base 3.
-2202120210
-187380 (base 10) to base 7
-1410204
What is 66284 (base 16) in base 7?
3361634
2202232032 (base 4) to base 14
134c7c
105223 (base 7) to base 8
44315
38377 (base 14) to base 9
230134
-2488d (base 15) to base 16
-1c7cb
Convert -8bb8bc (base 13) to base 3.
-20020011201121
What is 4505206 (base 7) in base 6?
15532054
132365 (b